
4
Suppose -4*r - 16 = 2*i, 5*r - 4*i + 15 + 5 = 0. What is the units digit of (r/(-10))/(3/30)?
4
Let b = 17 - 10. What is the units digit of b?
7
Suppose -2*g + 97 - 23 = 4*i, -3*i = 4*g - 128. What is the tens digit of g?
2
Suppose -20 = -4*f, -k - 202 = -3*k - 4*f. What is the units digit of k?
1
Suppose -3*a = -5*i - 210, -5*a - 3*i + 334 = -6*i. What is the units digit of a?
5
Let p = 9 + -16. Let z = p - -11. What is the units digit of z?
4
Let g(o) = -o + 4. Let a be g(7). Let y be -34*a/(-4)*-2. Suppose 5*l = 39 + y. What is the tens digit of l?
1
Suppose 0 = 3*c + 3, -s + 4*c - 5*c = -37. What is the tens digit of s?
3
Suppose -9*b + 5*b + 40 = 0. What is the tens digit of b?
1
Let i be -1 + -2 - 1*-8. Let h = 2 - i. What is the tens digit of 1 - (-3)/(h/(-14))?
1
Let j be ((-4)/(-10))/((-6)/30). Let f be j*(825/6)/(-5). What is the units digit of 10/f + 18/22?
1
Let w(g) = g**2 + 3*g. Let l = -5 + 2. Let s be w(l). Let y(b) = b**3 + b**2 + 11. What is the tens digit of y(s)?
1
Let w(h) = -36*h + 1. Let o be w(-1). Suppose 2*m - m - 26 = 0. Let s = o - m. What is the tens digit of s?
1
Suppose 5*f + 30 = -0*f. What is the units digit of ((-7)/(-14))/((-1)/f)?
3
Let m be (-29)/9 + 4/18. Let z = m + 17. What is the tens digit of z?
1
Let i = 17 + 35. Let t = -19 + i. What is the tens digit of t?
3
Let z(v) = -5*v - 5. Let x(a) = 9*a + 10. Let o(w) = -6*x(w) - 11*z(w). Let c be o(7). Let d = 5 + c. What is the units digit of d?
7
Suppose 5*r + 1 = 3*b, 0 = -3*r + 6*b - b - 7. Suppose r = -u + 4. Suppose 0 = -4*d + 5*g - 5, u*d + 3*g = 5*d + 5. What is the units digit of d?
5
Suppose 0 = 4*x - 5*d - 159, 28 = x - 5*d - 8. What is the tens digit of x?
4
What is the hundreds digit of (2 + -6)*(-65 - -6)?
2
Let l = 5 + -8. Let c be l + 5/(10/12). What is the units digit of (-8)/(-6)*c/2?
2
Suppose -4*m + 12 = 0, 3*d - 8 = m + 1. Suppose -d*t + 406 = -614. What is the units digit of t/35 + (-4)/14?
7
Suppose -160 = 8*s - 16*s. What is the units digit of s?
0
Let y = 2 - -1. Suppose y*x - r = r + 19, 26 = 4*x - 3*r. Suppose 0*j + 2*j - 11 = 3*p, 5*j = x*p + 30. What is the units digit of j?
7
Let d(f) = 3*f**2 - 3*f. Let x be d(2). Let l be (x/(-5))/(3/(-40)). Suppose j - 5*o + 25 = 8, -4*j + l = o. What is the units digit of j?
3
Let g be 5/(-10) + 23/2. Let j(n) = n**2 - 10*n - 2. Let z be j(g). What is the units digit of 1/((-3)/z) + 7?
4
Let m(c) = -3*c**2 + 1. Let p(f) = f - 3. Let k be p(5). Let o be m(k). What is the tens digit of 0 + (-2 - -1 - o)?
1
Let n(o) = o + 1. Let i(x) = 2*x + 13. Let w(m) = -i(m) + 4*n(m). Let d be w(7). What is the units digit of 128/20 - 2/d?
6
Suppose -2*v + 4*v - 6 = 0. Suppose -5*w - v*g + 55 = 2*g, -2*w + g + 37 = 0. What is the tens digit of w?
1
Let g = 147 + -35. What is the tens digit of g?
1
Suppose 4*h - 5*h - 3 = 0. Let g = -1 - h. Suppose g*l - 8 = -0*l. What is the units digit of l?
4
Suppose 0 = -5*f + 2*k + 114, f + 4*k = 2*f - 30. Let c = 31 - f. What is the units digit of c?
9
Let t = 43 + -27. What is the units digit of t?
6
Let c = 14 - -20. What is the units digit of c?
4
Let v(x) = -x**2 - x + 52. What is the units digit of v(0)?
2
Suppose 3*r + 3 = 4*r. Suppose -3*s - 5 = s + b, -r*b = 2*s + 15. Suppose -2*c + 2 = -s*c. What is the units digit of c?
1
Let u be (-1)/((-1)/11*-1). Let v = u - -19. What is the units digit of v?
8
What is the tens digit of (-4*6/9)/(18/(-135))?
2
Let v(b) = b**2 + 14*b - 4. What is the units digit of v(-19)?
1
Let x(l) be the first derivative of l**4/4 - 7*l**3/3 + 7*l**2/2 + 3. What is the units digit of x(6)?
6
Let g be (2 - 2/2)/1. Let j = g + 2. What is the units digit of j?
3
What is the tens digit of 99 + (8/4)/(-3 - -2)?
9
Suppose -4*g + 2 = -2. What is the units digit of 21 + 6/(-2 - g)?
9
Let u = 183 + -42. What is the units digit of u?
1
Let p = 116 + -18. What is the units digit of p?
8
Let g = -61 + 98. What is the tens digit of g?
3
Let s(n) = -n**2 + 6. Let i be s(0). Suppose i*q + 19 = 3*o + q, q = 1. What is the units digit of o?
8
Let s(z) = 5*z**2 + z - 11. What is the units digit of s(-5)?
9
Suppose 85 = 2*d - 31. What is the units digit of d?
8
Let t(y) = y + 14. Let o(m) = -m**2 + 4*m - 3. Let q be o(3). Let j = -10 + q. What is the units digit of t(j)?
4
Suppose 30*t = 34*t - 544. What is the units digit of t?
6
Suppose -7*z + 4*z + 54 = 0. What is the tens digit of z?
1
Suppose n + 3*v + 3 = 32, 4*n - 2*v = 88. What is the tens digit of n?
2
Suppose -g - 360 = h - 5*h, h + 4*g = 90. What is the tens digit of 1698/h + (-2)/(-15)?
1
Let g(x) = -x - 8. Let l be g(-7). Let r(q) = 3 - 5 + 1 + 4*q**2. What is the units digit of r(l)?
3
Let j(p) = -p**3 - 7*p**2 + 8*p + 2. Let i(f) = -2*f**2 - f + 2. Let l be i(2). What is the units digit of j(l)?
2
Suppose -3*l = 5*f - 4, -5*l + 3*f + 11 = 7*f. Let v(m) = 5*m**2 - 2*m - 3*m**2 - m**2. What is the units digit of v(l)?
3
What is the units digit of -3 - -337*(-2 - -3)?
4
Let h(n) be the third derivative of -n**4/24 + 7*n**3/3 - 5*n**2. Let k(p) = -3*p - 5. Let l be k(-4). What is the units digit of h(l)?
7
Suppose y - 2*y + 16 = 2*a, -2*y = 2*a - 22. Suppose -2*z = y, z + 86 + 77 = 5*b. What is the tens digit of b?
3
Let p(u) = 6*u - 9. Let v be p(6). Suppose 5*n + h + 5 = 44, -n - 5*h + v = 0. What is the units digit of n?
7
Let x(k) = -k**2 + 19*k - 20. What is the units digit of x(14)?
0
Let c = -17 + 185. What is the units digit of c?
8
Let k be (-22)/(-4) - 1/2. Let t(w) = w**3 - 4*w**2 - 5*w + 5. Let q be t(k). Let o = 11 - q. What is the units digit of o?
6
Let l(z) = 2*z**2 + 4. What is the tens digit of l(-4)?
3
Suppose 5*m - 10 = 3*p, p + 2 = 3*m - 4. Suppose p*i - 5*i + 255 = 0. What is the units digit of i?
1
Let b = -18 - -21. Suppose -2*s + 19 = -m, -b*s + 56 = s + 4*m. What is the tens digit of s?
1
Let o = -181 - -349. What is the tens digit of o?
6
Let f(c) = c + 14. What is the tens digit of f(7)?
2
Let b(x) be the third derivative of x**5/60 - x**2. Let u be b(3). What is the units digit of (42/u)/(4/6)?
7
Let a be (-62)/(-5) + 4/(-10). Suppose -a = -4*q, 1 = 2*m - 4*q - q. Suppose -1 = 4*c - 3*c + f, -4*c = -2*f - m. What is the units digit of c?
1
Suppose 2*w + 833 = 3*p + 2*p, 0 = 3*p - 4*w - 497. What is the hundreds digit of p?
1
Let o be (-1*2)/((-4)/14). Let x = o + 6. What is the units digit of x?
3
Let q = 16 + -20. Let h = -1 - q. What is the units digit of h?
3
Let k = -19 + 20. Suppose 0 = i - k - 28. What is the units digit of i?
9
Let s be 13/5 - (-3)/(-5). Suppose -2 = -5*l - 3*g, 2*l + g + 0*g = 1. What is the units digit of (l*s)/((-10)/(-25))?
5
Suppose 4*b = 5*n - 1031, 4*n - n - 617 = 2*b. What is the hundreds digit of n?
2
Suppose w - 40 = -3*n, 2 - 17 = -w + 2*n. What is the units digit of w?
5
Suppose -3*f + 325 = -152. What is the hundreds digit of f?
1
Suppose -5*u - 12 = -122. What is the units digit of u?
2
Let j(w) = -11*w - 14*w + 4*w - 3. What is the tens digit of j(-2)?
3
Let y(m) = -9*m + 1. Suppose 2*z = 2*u - 1 + 9, 0 = u - 4*z + 13. What is the units digit of y(u)?
0
Let v = 11 - 9. Suppose -96 = b - 6*b + v*q, 3*b - 3*q - 63 = 0. What is the tens digit of b?
1
Suppose -4*o = -o - 5*j - 142, -5*o + 224 = -2*j. What is the tens digit of o?
4
Let f be 3/((-6)/(-26)) - 1. What is the tens digit of (-8)/f*39/(-2)?
1
Let w = -3 - -66. What is the units digit of w?
3
Suppose 3 - 23 = -4*f. Suppose -f*u + 18 = -37. What is the tens digit of u?
1
Let l(b) = -15*b**3 - b**2 - b + 1. Let t be l(1). Let m be (t/20)/(2/(-20)). Suppose -4*h + 12 = -j, 2*h - m = -2*j + 8. What is the units digit of j?
4
Suppose s - 54 = 2*s. What is the units digit of (-1)/(s/(-28) + -2)?
4
Suppose 0 = -3*c - c. Suppose -t - 3*t = c. Let m = 7 + t. What is the units digit of m?
7
Let n = 27 - 24. Let b be 5/(-2) + (-1)/(-2). Let p = b + n. What is the units digit of p?
1
What is the units digit of (-3)/(-15) + 582/15?
9
What is the units digit of ((-6)/4)/(3/(-48))?
4
Let u = 52 + -24. What is the units digit of u?
8
Let p(a) = -27*a - 11. What is the units digit of p(-6)?
1
Let v = 57 - 30. Suppose 0 = -5*n + 13 + 2. Suppose -n*q = -3*h - 27, 0 = 2*q + q - 4*h - v. What is the units digit of q?
9
Suppose -z = h - 46, 0*z - 2*h + 137 = 3*z. What is the units digit 